{"id":34,"date":"2021-06-10T11:41:01","date_gmt":"2021-06-10T09:41:01","guid":{"rendered":"http:\/\/pla.agenceverri-web.fr\/?page_id=34"},"modified":"2022-02-03T14:56:31","modified_gmt":"2022-02-03T13:56:31","slug":"mes-fonctions","status":"publish","type":"page","link":"https:\/\/www.sebastienpla.com\/PLA\/mes-fonctions\/","title":{"rendered":"Mes fonctions"},"content":{"rendered":"<p>[vc_row row_height_percent=\u00a0\u00bb0&Prime; override_padding=\u00a0\u00bbyes\u00a0\u00bb h_padding=\u00a0\u00bb0&Prime; top_padding=\u00a0\u00bb0&Prime; bottom_padding=\u00a0\u00bb0&Prime; overlay_alpha=\u00a0\u00bb50&Prime; gutter_size=\u00a0\u00bb3&Prime; column_width_percent=\u00a0\u00bb100&Prime; shift_y=\u00a0\u00bb0&Prime; z_index=\u00a0\u00bb0&Prime; enable_bottom_divider=\u00a0\u00bbdefault\u00a0\u00bb bottom_divider=\u00a0\u00bbfan-opacity\u00a0\u00bb shape_bottom_h_use_pixel=\u00a0\u00bb\u00a0\u00bb shape_bottom_height=\u00a0\u00bb50&Prime; shape_bottom_color=\u00a0\u00bbcolor-gyho\u00a0\u00bb shape_bottom_opacity=\u00a0\u00bb100&Prime; shape_bottom_index=\u00a0\u00bb0&Prime; desktop_visibility=\u00a0\u00bbyes\u00a0\u00bb uncode_shortcode_id=\u00a0\u00bb674414&Prime; shape_bottom_color_type=\u00a0\u00bbuncode-palette\u00a0\u00bb][vc_column width=\u00a0\u00bb1\/1&Prime;][layerslider_vc id=\u00a0\u00bb2&Prime;][\/vc_column][\/vc_row][vc_row unlock_row_content=\u00a0\u00bbyes\u00a0\u00bb row_height_percent=\u00a0\u00bb80&Prime; override_padding=\u00a0\u00bbyes\u00a0\u00bb h_padding=\u00a0\u00bb0&Prime; top_padding=\u00a0\u00bb0&Prime; bottom_padding=\u00a0\u00bb0&Prime; overlay_alpha=\u00a0\u00bb50&Prime; equal_height=\u00a0\u00bbyes\u00a0\u00bb gutter_size=\u00a0\u00bb0&Prime; column_width_percent=\u00a0\u00bb100&Prime; shift_y=\u00a0\u00bb0&Prime; z_index=\u00a0\u00bb0&Prime; uncode_shortcode_id=\u00a0\u00bb195420&Prime;][vc_column column_width_percent=\u00a0\u00bb100&Prime; gutter_size=\u00a0\u00bb3&Prime; back_image=\u00a0\u00bb63&Prime; back_repeat=\u00a0\u00bbno-repeat\u00a0\u00bb back_position=\u00a0\u00bbcenter bottom\u00a0\u00bb parallax=\u00a0\u00bbyes\u00a0\u00bb overlay_color=\u00a0\u00bbaccent\u00a0\u00bb overlay_alpha=\u00a0\u00bb50&Prime; shift_x=\u00a0\u00bb0&Prime; shift_y=\u00a0\u00bb0&Prime; shift_y_down=\u00a0\u00bb0&Prime; z_index=\u00a0\u00bb0&Prime; medium_width=\u00a0\u00bb0&Prime; mobile_width=\u00a0\u00bb0&Prime; width=\u00a0\u00bb1\/2&Prime; mobile_height=\u00a0\u00bb340&Prime; uncode_shortcode_id=\u00a0\u00bb163740&Prime; overlay_color_type=\u00a0\u00bbuncode-palette\u00a0\u00bb][\/vc_column][vc_column column_width_percent=\u00a0\u00bb50&Prime; position_vertical=\u00a0\u00bbmiddle\u00a0\u00bb gutter_size=\u00a0\u00bb3&Prime; override_padding=\u00a0\u00bbyes\u00a0\u00bb column_padding=\u00a0\u00bb3&Prime; overlay_alpha=\u00a0\u00bb50&Prime; shift_x=\u00a0\u00bb0&Prime; shift_y=\u00a0\u00bb0&Prime; shift_y_down=\u00a0\u00bb0&Prime; z_index=\u00a0\u00bb0&Prime; medium_width=\u00a0\u00bb0&Prime; mobile_width=\u00a0\u00bb0&Prime; width=\u00a0\u00bb1\/2&Prime; uncode_shortcode_id=\u00a0\u00bb149913&Prime;][vc_accordion history=\u00a0\u00bbyes\u00a0\u00bb typography=\u00a0\u00bbyes\u00a0\u00bb sign=\u00a0\u00bbplus\u00a0\u00bb active_tab=\u00a0\u00bb1&Prime;][vc_accordion_tab gutter_size=\u00a0\u00bb2&Prime; column_padding=\u00a0\u00bb2&Prime; title=\u00a0\u00bbMES FONCTIONS AU SENAT\u00a0\u00bb tab_id=\u00a0\u00bb1634310620-1-50&Prime;][vc_column_text uncode_shortcode_id=\u00a0\u00bb148348&Prime;]<\/p>\n<ul>\n<li dir=\"auto\">Membre du groupe Socialiste, \u00c9cologiste et R\u00e9publicain<\/li>\n<li dir=\"auto\">Membre de la commission des affaires \u00e9conomiques<\/li>\n<li dir=\"auto\">Membre de la d\u00e9l\u00e9gation s\u00e9natoriale aux entreprises<\/li>\n<li dir=\"auto\">Vice-Pr\u00e9sident du groupe d\u2019\u00e9tude Vigne et Vins<\/li>\n<li dir=\"auto\">Membre de la mission commune d&rsquo;information charg\u00e9e d&rsquo;\u00e9valuer les effets des mesures prises ou envisag\u00e9es en mati\u00e8re de confinement ou de restrictions d&rsquo;activit\u00e9s<\/li>\n<li dir=\"auto\">Membre de la Commission d\u00e9partementale de la coop\u00e9ration intercommunale<\/li>\n<li dir=\"auto\">Membre de la Commission d\u00e9partementale de r\u00e9partition des cr\u00e9dits de la dotation d&rsquo;\u00e9quipement des territoires ruraux<\/li>\n<\/ul>\n<p>[\/vc_column_text][\/vc_accordion_tab][vc_accordion_tab gutter_size=\u00a0\u00bb2&Prime; column_padding=\u00a0\u00bb2&Prime; title=\u00a0\u00bbMES PR\u00c9C\u00c9DENTS MANDATS\u00a0\u00bb tab_id=\u00a0\u00bb1634310620-2-47&Prime;][vc_column_text uncode_shortcode_id=\u00a0\u00bb199653&Prime;]<\/p>\n<ul>\n<li dir=\"auto\">Conseiller r\u00e9gional d&rsquo;Occitanie<\/li>\n<li dir=\"auto\">Conseiller d\u00e9partemental de l&rsquo;Aude<\/li>\n<li dir=\"auto\">Maire de Duilhac sous Peyrepertuse<\/li>\n<li dir=\"auto\">Vice-Pr\u00e9sident Communaut\u00e9 de communes des Corbi\u00e8res Vice-Pr\u00e9sident du Syndicat Mixte de l&rsquo;Op\u00e9ration Grand Site de la Cit\u00e9 de Carcassonne<\/li>\n<li dir=\"auto\">Pr\u00e9sident d\u00e9l\u00e9gu\u00e9 de l&rsquo;agence de d\u00e9veloppement touristique Aude Pays Cathare<\/li>\n<li dir=\"auto\">Vice-Pr\u00e9sident du Syndicat Mixte de Pr\u00e9figuration du Parc naturel r\u00e9gional Corbi\u00e8res-Fenouill\u00e8des<\/li>\n<\/ul>\n<p>[\/vc_column_text][\/vc_accordion_tab][vc_accordion_tab gutter_size=\u00a0\u00bb2&Prime; column_padding=\u00a0\u00bb2&Prime; title=\u00a0\u00bbMES ENGAGEMENTS\u00a0\u00bb tab_id=\u00a0\u00bbeac1ef89-c8fd-4&Prime;][vc_column_text uncode_shortcode_id=\u00a0\u00bb163888&Prime;]<\/p>\n<h3 dir=\"auto\">Au service de l\u2019int\u00e9r\u00eat g\u00e9n\u00e9ral<\/h3>\n<div dir=\"auto\">Je con\u00e7ois mon engagement public comme l\u2019aboutissement naturel de mon parcours avec la volont\u00e9 toujours d\u2019\u00eatre au seul service des citoyens et de l\u2019int\u00e9r\u00eat g\u00e9n\u00e9ral. Je veux agir \u00e0 tous les nouveaux au cours de mon mandat pour mobiliser les \u00e9nergies et faire pr\u00e9valoir l\u2019int\u00e9r\u00eat collectif. Nous devons \u00eatre solidaires et la crise sanitaire nous a montr\u00e9 \u00e0 quel point nous d\u00e9pendons tous les uns des autres. Personne ne doit \u00eatre laiss\u00e9 au bord du chemin.<\/div>\n<div dir=\"auto\"><\/div>\n<h3 dir=\"auto\">La protection de notre territoire et de notre plan\u00e8te<\/h3>\n<div dir=\"auto\">Je suis un homme de la ruralit\u00e9 et j\u2019aurai \u00e0 c\u0153ur de mettre tout en \u0153uvre pour avancer avec d\u00e9termination dans la transition \u00e9nerg\u00e9tique, pour prot\u00e9ger notre biodiversit\u00e9 et promouvoir une agriculture durable. J\u2019ai souhait\u00e9 d\u00e8s mon arriv\u00e9e au S\u00e9nat, participer aux d\u00e9bats et travaux sur les questions agricoles et en particulier les questions li\u00e9es \u00e0 la viticulture.<\/div>\n<div dir=\"auto\">Je suis convaincu qu\u2019il est maintenant urgent de prendre en compte les enjeux li\u00e9s au risque climatique, au dysfonctionnement de la cha\u00eene alimentaire du paysan au consommateur, aux r\u00e9volutions technologiques ou aux questions \u00e9thiques qu\u2019elles soul\u00e8vent.<\/div>\n<p>[\/vc_column_text][\/vc_accordion_tab][\/vc_accordion][\/vc_column][\/vc_row][vc_row row_height_percent=\u00a0\u00bb0&Prime; override_padding=\u00a0\u00bbyes\u00a0\u00bb h_padding=\u00a0\u00bb0&Prime; top_padding=\u00a0\u00bb0&Prime; bottom_padding=\u00a0\u00bb0&Prime; overlay_alpha=\u00a0\u00bb50&Prime; gutter_size=\u00a0\u00bb3&Prime; column_width_percent=\u00a0\u00bb100&Prime; shift_y=\u00a0\u00bb0&Prime; z_index=\u00a0\u00bb0&Prime; enable_bottom_divider=\u00a0\u00bbdefault\u00a0\u00bb bottom_divider=\u00a0\u00bbfan-opacity\u00a0\u00bb shape_bottom_h_use_pixel=\u00a0\u00bb\u00a0\u00bb shape_bottom_height=\u00a0\u00bb50&Prime; shape_bottom_color=\u00a0\u00bbcolor-gyho\u00a0\u00bb shape_bottom_opacity=\u00a0\u00bb100&Prime; shape_bottom_index=\u00a0\u00bb0&Prime; medium_visibility=\u00a0\u00bbyes\u00a0\u00bb mobile_visibility=\u00a0\u00bbyes\u00a0\u00bb uncode_shortcode_id=\u00a0\u00bb121714&Prime; shape_bottom_color_type=\u00a0\u00bbuncode-palette\u00a0\u00bb][vc_column width=\u00a0\u00bb1\/1&Prime;][layerslider_vc id=\u00a0\u00bb1&Prime;][\/vc_column][\/vc_row]<\/p>\n","protected":false},"excerpt":{"rendered":"<p>[vc_row row_height_percent=\u00a0\u00bb0&Prime; override_padding=\u00a0\u00bbyes\u00a0\u00bb h_padding=\u00a0\u00bb0&Prime; top_padding=\u00a0\u00bb0&Prime; bottom_padding=\u00a0\u00bb0&Prime; overlay_alpha=\u00a0\u00bb50&Prime; gutter_size=\u00a0\u00bb3&Prime; column_width_percent=\u00a0\u00bb100&Prime; shift_y=\u00a0\u00bb0&Prime; z_index=\u00a0\u00bb0&Prime; enable_bottom_divider=\u00a0\u00bbdefault\u00a0\u00bb bottom_divider=\u00a0\u00bbfan-opacity\u00a0\u00bb shape_bottom_h_use_pixel=\u00a0\u00bb\u00a0\u00bb shape_bottom_height=\u00a0\u00bb50&Prime; shape_bottom_color=\u00a0\u00bbcolor-gyho\u00a0\u00bb shape_bottom_opacity=\u00a0\u00bb100&Prime; shape_bottom_index=\u00a0\u00bb0&Prime; desktop_visibility=\u00a0\u00bbyes\u00a0\u00bb uncode_shortcode_id=\u00a0\u00bb674414&Prime; [&hellip;]<\/p>\n","protected":false},"author":1,"featured_media":0,"parent":0,"menu_order":0,"comment_status":"closed","ping_status":"closed","template":"","meta":{"footnotes":""},"class_list":["post-34","page","type-page","status-publish","hentry"],"yoast_head":"<!-- This site is optimized with the Yoast SEO plugin v22.0 - https:\/\/yoast.com\/wordpress\/plugins\/seo\/ -->\n<title>Mes fonctions - S\u00e9bastien Pla, S\u00e9nateur de l&#039;Aude<\/title>\n<meta name=\"description\" content=\"Membre du groupe Socialiste, Membre de la commission des affaires \u00e9conomiques, Membre de la d\u00e9l\u00e9gation s\u00e9natoriale aux entreprises..\" \/>\n<meta name=\"robots\" content=\"noindex, follow, max-snippet:-1, max-image-preview:large, max-video-preview:-1\" \/>\n<meta property=\"og:locale\" content=\"fr_FR\" \/>\n<meta property=\"og:type\" content=\"article\" \/>\n<meta property=\"og:title\" content=\"Mes fonctions - S\u00e9bastien Pla, S\u00e9nateur de l&#039;Aude\" \/>\n<meta property=\"og:description\" content=\"Membre du groupe Socialiste, Membre de la commission des affaires \u00e9conomiques, Membre de la d\u00e9l\u00e9gation s\u00e9natoriale aux entreprises..\" \/>\n<meta property=\"og:url\" content=\"https:\/\/www.sebastienpla.com\/PLA\/mes-fonctions\/\" \/>\n<meta property=\"og:site_name\" content=\"S\u00e9bastien Pla, S\u00e9nateur de l&#039;Aude\" \/>\n<meta property=\"article:modified_time\" content=\"2022-02-03T13:56:31+00:00\" \/>\n<meta name=\"twitter:card\" content=\"summary_large_image\" \/>\n<meta name=\"twitter:label1\" content=\"Dur\u00e9e de lecture estim\u00e9e\" \/>\n\t<meta name=\"twitter:data1\" content=\"4 minutes\" \/>\n<script type=\"application\/ld+json\" class=\"yoast-schema-graph\">{\"@context\":\"https:\/\/schema.org\",\"@graph\":[{\"@type\":\"WebPage\",\"@id\":\"https:\/\/www.sebastienpla.com\/PLA\/mes-fonctions\/\",\"url\":\"https:\/\/www.sebastienpla.com\/PLA\/mes-fonctions\/\",\"name\":\"Mes fonctions - S\u00e9bastien Pla, S\u00e9nateur de l&#039;Aude\",\"isPartOf\":{\"@id\":\"https:\/\/www.sebastienpla.com\/PLA\/#website\"},\"datePublished\":\"2021-06-10T09:41:01+00:00\",\"dateModified\":\"2022-02-03T13:56:31+00:00\",\"description\":\"Membre du groupe Socialiste, Membre de la commission des affaires \u00e9conomiques, Membre de la d\u00e9l\u00e9gation s\u00e9natoriale aux entreprises..\",\"breadcrumb\":{\"@id\":\"https:\/\/www.sebastienpla.com\/PLA\/mes-fonctions\/#breadcrumb\"},\"inLanguage\":\"fr-FR\",\"potentialAction\":[{\"@type\":\"ReadAction\",\"target\":[\"https:\/\/www.sebastienpla.com\/PLA\/mes-fonctions\/\"]}]},{\"@type\":\"BreadcrumbList\",\"@id\":\"https:\/\/www.sebastienpla.com\/PLA\/mes-fonctions\/#breadcrumb\",\"itemListElement\":[{\"@type\":\"ListItem\",\"position\":1,\"name\":\"Accueil\",\"item\":\"https:\/\/www.sebastienpla.com\/PLA\/\"},{\"@type\":\"ListItem\",\"position\":2,\"name\":\"Mes fonctions\"}]},{\"@type\":\"WebSite\",\"@id\":\"https:\/\/www.sebastienpla.com\/PLA\/#website\",\"url\":\"https:\/\/www.sebastienpla.com\/PLA\/\",\"name\":\"S\u00e9bastien Pla, S\u00e9nateur de l&#039;Aude\",\"description\":\"S\u00e9nateur de l&#039;Aude\",\"potentialAction\":[{\"@type\":\"SearchAction\",\"target\":{\"@type\":\"EntryPoint\",\"urlTemplate\":\"https:\/\/www.sebastienpla.com\/PLA\/?s={search_term_string}\"},\"query-input\":\"required name=search_term_string\"}],\"inLanguage\":\"fr-FR\"}]}<\/script>\n<!-- \/ Yoast SEO plugin. -->","yoast_head_json":{"title":"Mes fonctions - S\u00e9bastien Pla, S\u00e9nateur de l&#039;Aude","description":"Membre du groupe Socialiste, Membre de la commission des affaires \u00e9conomiques, Membre de la d\u00e9l\u00e9gation s\u00e9natoriale aux entreprises..","robots":{"index":"noindex","follow":"follow","max-snippet":"max-snippet:-1","max-image-preview":"max-image-preview:large","max-video-preview":"max-video-preview:-1"},"og_locale":"fr_FR","og_type":"article","og_title":"Mes fonctions - S\u00e9bastien Pla, S\u00e9nateur de l&#039;Aude","og_description":"Membre du groupe Socialiste, Membre de la commission des affaires \u00e9conomiques, Membre de la d\u00e9l\u00e9gation s\u00e9natoriale aux entreprises..","og_url":"https:\/\/www.sebastienpla.com\/PLA\/mes-fonctions\/","og_site_name":"S\u00e9bastien Pla, S\u00e9nateur de l&#039;Aude","article_modified_time":"2022-02-03T13:56:31+00:00","twitter_card":"summary_large_image","twitter_misc":{"Dur\u00e9e de lecture estim\u00e9e":"4 minutes"},"schema":{"@context":"https:\/\/schema.org","@graph":[{"@type":"WebPage","@id":"https:\/\/www.sebastienpla.com\/PLA\/mes-fonctions\/","url":"https:\/\/www.sebastienpla.com\/PLA\/mes-fonctions\/","name":"Mes fonctions - S\u00e9bastien Pla, S\u00e9nateur de l&#039;Aude","isPartOf":{"@id":"https:\/\/www.sebastienpla.com\/PLA\/#website"},"datePublished":"2021-06-10T09:41:01+00:00","dateModified":"2022-02-03T13:56:31+00:00","description":"Membre du groupe Socialiste, Membre de la commission des affaires \u00e9conomiques, Membre de la d\u00e9l\u00e9gation s\u00e9natoriale aux entreprises..","breadcrumb":{"@id":"https:\/\/www.sebastienpla.com\/PLA\/mes-fonctions\/#breadcrumb"},"inLanguage":"fr-FR","potentialAction":[{"@type":"ReadAction","target":["https:\/\/www.sebastienpla.com\/PLA\/mes-fonctions\/"]}]},{"@type":"BreadcrumbList","@id":"https:\/\/www.sebastienpla.com\/PLA\/mes-fonctions\/#breadcrumb","itemListElement":[{"@type":"ListItem","position":1,"name":"Accueil","item":"https:\/\/www.sebastienpla.com\/PLA\/"},{"@type":"ListItem","position":2,"name":"Mes fonctions"}]},{"@type":"WebSite","@id":"https:\/\/www.sebastienpla.com\/PLA\/#website","url":"https:\/\/www.sebastienpla.com\/PLA\/","name":"S\u00e9bastien Pla, S\u00e9nateur de l&#039;Aude","description":"S\u00e9nateur de l&#039;Aude","potentialAction":[{"@type":"SearchAction","target":{"@type":"EntryPoint","urlTemplate":"https:\/\/www.sebastienpla.com\/PLA\/?s={search_term_string}"},"query-input":"required name=search_term_string"}],"inLanguage":"fr-FR"}]}},"_links":{"self":[{"href":"https:\/\/www.sebastienpla.com\/PLA\/wp-json\/wp\/v2\/pages\/34","targetHints":{"allow":["GET"]}}],"collection":[{"href":"https:\/\/www.sebastienpla.com\/PLA\/wp-json\/wp\/v2\/pages"}],"about":[{"href":"https:\/\/www.sebastienpla.com\/PLA\/wp-json\/wp\/v2\/types\/page"}],"author":[{"embeddable":true,"href":"https:\/\/www.sebastienpla.com\/PLA\/wp-json\/wp\/v2\/users\/1"}],"replies":[{"embeddable":true,"href":"https:\/\/www.sebastienpla.com\/PLA\/wp-json\/wp\/v2\/comments?post=34"}],"version-history":[{"count":44,"href":"https:\/\/www.sebastienpla.com\/PLA\/wp-json\/wp\/v2\/pages\/34\/revisions"}],"predecessor-version":[{"id":962,"href":"https:\/\/www.sebastienpla.com\/PLA\/wp-json\/wp\/v2\/pages\/34\/revisions\/962"}],"wp:attachment":[{"href":"https:\/\/www.sebastienpla.com\/PLA\/wp-json\/wp\/v2\/media?parent=34"}],"curies":[{"name":"wp","href":"https:\/\/api.w.org\/{rel}","templated":true}]}}